v + 129 = b - 0*v. Suppose -n + 3*o + b = 0, 3*n - 411 = 3*o - 0*o. Let h = n + -74. List the prime factors of h.
2
Suppose -4*g + 58 = 2*z, 4*z - 2*g + 3*g = 137. Let k = z - 67. Let y = k - -41. What are the prime factors of y?
3
Let k(u) = 700*u**2 - 99*u + 25. List the prime factors of k(10).
5, 13807
Let m(u) = 3*u + 5*u**3 - 12*u**3 - 1 - u**2 + 6*u**3. Let q be m(1). Suppose q = -6*l + 40 + 350. What are the prime factors of l?
5, 13
Let s(f) = f**2 + 21*f - 17. Suppose 3*c + 60 = -33. List the prime factors of s(c).
293
Let m = 9 + 41. Suppose 2*h + m = 58. Suppose -u - 116 = -5*t + 254, h*t = -4*u + 296. List the prime factors of t.
2, 37
Suppose 5 = -4*j + 37. List the prime factors of (j/(-10))/(1/(-310)*2).
2, 31
Let d = 99 - 22. Suppose n - d = 9. Let j = n + -81. What are the prime factors of j?
5
Suppose -b - 5*b = -4*b - 43142. List the prime factors of b.
11, 37, 53
Let j(x) = 3261*x**2 + 56*x - 153. What are the prime factors of j(4)?
13, 4019
Let o(d) = 114*d + 20228. List the prime factors of o(133).
2, 5, 3539
Let i be (11/4 - 2)/(1/60). Let h be (0 - 34)/((-30)/i). Suppose -61 = -4*d + h. What are the prime factors of d?
2, 7
What are the prime factors of 72797*(-9 - 74/(-8)) - 3/12?
18199
Suppose -f = 6*f - 5250. Suppose 0 = -5*i + f + 80. Suppose 4*m - 329 = -5*v, -i = -5*m + 3*m - 4*v. List the prime factors of m.
3
Let f(r) be the third derivative of 259*r**5/60 + 19*r**4/24 + 10*r**3/3 - 56*r**2. What are the prime factors of f(-1)?
2, 5, 13
Suppose 7*h = 4*h - 201. Let n = h + 298. What are the prime factors of n?
3, 7, 11
Let d be (-3)/(-24) + 78/16. Suppose -23*j + 27*j = q - 4, -3*q + 80 = d*j. List the prime factors of q.
2, 5
List the prime factors of (-133 - -130)*(-3)/(-9)*-5101.
5101
What are the prime factors of ((-84)/(-8))/(-7)*(4 + -39330)?
3, 7, 53
Let x be ((-2)/4)/((-2)/12). Let a be (16/(-4) - 0)*x/(-3). Suppose a*h = 8, -3*h + 347 = 3*c - 2*h. List the prime factors of c.
5, 23
Let f(w) = 4*w**2 - w + 6. Let z be f(2). Suppose -3*g - 11 - z = -5*v, -5*g - 3*v - 63 = 0. Let h(x) = -12*x - 4. What are the prime factors of h(g)?
2, 5, 7
Suppose 383*r = -2213114 + 6413858. List the prime factors of r.
2, 3, 457
Let p be (-480)/25*220/(-6). Let d = 1110 - p. List the prime factors of d.
2, 7, 29
Let s(f) = 7*f + 6. Let c = -59 + 58. Let j be s(c). What are the prime factors of -20 - -23 - 19/j?
2, 11
Let c = 22231 + -9714. List the prime factors of c.
12517
Let v = 151 - 157. Let n(c) = -59*c - 52. Let b(g) = 30*g + 26. Let i(x) = -5*b(x) - 2*n(x). What are the prime factors of i(v)?
2, 83
Suppose z - 5*z + 5*k = -480, -3*z = -5*k - 355. Suppose -8*g + 397 = z. List the prime factors of g.
2, 17
Suppose -34 = -5*x + 6. Suppose x = 2*n + 2*t + 24, -n = -t. Let i = 62 - n. List the prime factors of i.
2, 3, 11
Let v = -15384 - -31373. List the prime factors of v.
59, 271
Suppose -r + 9 = -5. Suppose -r = -2*s + 3*s. List the prime factors of 466/14 - s/(-49).
3, 11
Let l = 56 - 12. Suppose -3*d - 21 = -2*h, -h + 4*d + l = 3*h. Suppose 17 = -h*b + 13*b. What are the prime factors of b?
17
What are the prime factors of 1*-1 - (36 + -1743) - 1?
5, 11, 31
Suppose -l = -4*s + 388, 5*s - 11*l - 485 = -6*l. Let k = s - -157. List the prime factors of k.
2, 127
Suppose -141*p + 146*p + j = 191019, -5*j + 191035 = 5*p. What are the prime factors of p?
11, 23, 151
Let t(x) = -127*x + 46 + 326 - 605. What are the prime factors of t(-9)?
2, 5, 7, 13
Suppose -f + 5*w - 11 = 5, 2*w = -f - 30. List the prime factors of (-6929)/f*4/2.
13, 41
Let d = 34 - 34. Suppose 8 = 4*r - d*r. List the prime factors of ((-19)/r)/((-2)/4).
19
Suppose 4*h = -5*b + 35710 + 4540, 2*b + 3*h - 16107 = 0. What are the prime factors of b?
2, 3, 149
Let u be -1*(-8 - -3) + -3*1. Let s be u*(18/(-21) - (-2)/(-14)). Let b = 85 - s. List the prime factors of b.
3, 29
Let g(s) be the first derivative of -105*s**2/2 - 33*s + 101. List the prime factors of g(-6).
3, 199
Let m be (8/6)/(2/(-21)). Let i = m + 17. Suppose -h = i*h - 5*j - 292, -5*j = -20. What are the prime factors of h?
2, 3, 13
Let t = -1192 - -236. Let q = -159 - t. What are the prime factors of q?
797
Let c = -107 - -61. Let n = 50 + c. Suppose 6*b - x - 15 = n*b, b = -2*x. List the prime factors of b.
2, 3
Let r(m) = -1455*m - 4690. What are the prime factors of r(-7)?
5, 7, 157
Let i(n) = 4*n + 6141. What are the prime factors of i(115)?
7, 23, 41
Suppose 30553 = 38*x - 296779. List the prime factors of x.
2, 59, 73
Let s be (-2 - -2)*(2 + 28/(-12)). Suppose 11*n - n - 40 = s. Suppose 4*d + n*i - 8*i = 380, -i = -3*d + 291. List the prime factors of d.
2, 7
Let v(k) = -2089*k + 1897. What are the prime factors of v(-20)?
3, 23, 211
Let l = 47 + -41. Suppose -l*u + 2688 = 66. Suppose -11*c = -u - 960. List the prime factors of c.
127
Suppose 9*y - 4*y - j = 32210, -j = 5. What are the prime factors of y?
3, 19, 113
Suppose -5*l + y + 2*y - 67762 = 0, -3*y + 12 = 0. Let b = l - -20036. What are the prime factors of (-2)/15 - b/(-45)?
2, 3
Let l = -6455 + 14775. Suppose 5*p + 5*p - l = 0. List the prime factors of p.
2, 13
Suppose 0 = 52*b - 51*b - 5. Suppose 413 = 4*y + 2*a + 11, 381 = 4*y - b*a. What are the prime factors of y?
3, 11
Suppose -326*q - 7186109 + 25761589 = 0. What are the prime factors of q?
2, 5, 7, 11, 37
Suppose 4*p + 3*a + 14 = 46, 2*p - 5*a = -10. Let u be 6*(0 - 111/(-6)). Suppose -3*h - 40 = -v, -p*v = -5*h - 49 - u. List the prime factors of v.
2, 7
Let l(i) = 10*i - 12*i - 4 + 21 - 18*i. Let p(c) = c - 1. Let m(d) = -l(d) - 6*p(d). List the prime factors of m(9).
5, 23
Suppose -w + 5*n + 30 = 3*w, -4*w = 2*n - 16. Suppose 0*l + 4*g = -4*l + 312, 0 = -3*l - w*g + 230. Let x = 163 - l. List the prime factors of x.
83
What are the prime factors of (52316/(-3190))/((-2243)/(-2245) - 1)?
41, 449
Suppose 79*m = 77*m + 6. What are the prime factors of 2/(-9) - (m + 29172/(-54))?
3, 179
Let n(b) = 1346*b**2 + 41*b + 230. Let x be n(-6). Suppose 0 = 15*u + 20*u - x. List the prime factors of u.
2, 173
Let h(c) = 2*c**2 + 2*c - 5. Let p be h(0). Let y be -6 + p*16/(-20). What are the prime factors of y + -2 + 153 + -8?
3, 47
Let h(r) = 1 + 125*r**3 - 22*r**3 - r + 72*r**3. What are the prime factors of h(1)?
5, 7
Let o(s) = 192*s - 9. Let l be o(2). Suppose -3*q - 3 = 0, -5*q + 1130 = 5*k - l. Let j = -207 + k. What are the prime factors of j?
5, 19
Suppose 4389 = 4*h - b, -5*h = -b + 190 - 5677. Suppose -3*u = -5*j - h, 5*u - 4*u - 3*j = 362. List the prime factors of u.
7, 53
Suppose 204957 + 141021 = 38*n + 106236. List the prime factors of n.
3, 701
Let c(f) = -f**3 - 2*f - 4. Let q be c(0). Let n be (-90)/21 - (-6)/21 - q. Suppose n = -6*d + 913 - 97. List the prime factors of d.
2, 17
Suppose -13544 = 9*m - 10*m + 4801. List the prime factors of m.
3, 5, 1223
Let p = -8 - -13. Suppose p*m = 5 + 40. Let d(g) = g**3 - 9*g**2 + 8*g + 5. List the prime factors of d(m).
7, 11
Let w(j) = -17 + 93887*j - 93887*j - 16 + j**2. Let z be (-62)/(-8) + 3/12. List the prime factors of w(z).
31
Suppose 3*m + 2*m = 4*m. Suppose m = -4*y - 11 + 23. Suppose -3*s + 4*a - 218 = -6*s, -2*a - 224 = -y*s. List the prime factors of s.
2, 37
Suppose m = 4*z - 693, 2*z + 3*m + 59 - 416 = 0. Let i be (-1)/((9/z)/3). What are the prime factors of (i/(-4))/(-6*6/(-432))?
2, 3, 29
Suppose 6*k + 2 = 8*k. Let m be 4/6*k*6. Suppose 0 = -m*p + 529 + 199. List the prime factors of p.
2, 7, 13
Suppose 3*d + 91 = 28. What are the prime factors of (d - -18) + 484/1 + -2?
479
Suppose 10756 = 39*k - 37*k. Suppose 18*u - k - 670 = 0. What are the prime factors of u?
2, 3, 7
Suppose -12*a + 15*a = 357. Let y = a + -39. Let f = -26 + y. List the prime factors of f.
2, 3
Let n = 351 + -250. Let k = n - 183. Let f = 26 - k. What are the prime factors of f?
2, 3
Let g = 208 - -98. Let v = g + 1092. What are the prime factors of v?
2, 3, 233
Let z = -1634 - -4623. List the prime factors of z.
7, 61
Let g be (-3 + -15)*(4 + -8). Suppose 5*i - 891 = 5*k - 3*k, 4*i - 4*k - 720 = 0. Let f = i - g. What are the prime factors of f?
3, 5, 7
Let l(d) = 15*d**3 - 21*d**2 + 7*d - 98. List the prime factors of l(7).
7, 83
Suppose -2*v + 33*k + 455 = 30*k, v = -4*k + 233. Suppose -226*t + v*t = 741. List the prime